{"id":3770,"date":"2025-07-22T14:32:49","date_gmt":"2025-07-22T12:32:49","guid":{"rendered":"https:\/\/petanque-crbretagne.com\/?page_id=3770"},"modified":"2025-11-29T09:16:37","modified_gmt":"2025-11-29T08:16:37","slug":"formation-filiere-arbitrage","status":"publish","type":"page","link":"https:\/\/petanque-crbretagne.com\/index.php\/formation-filiere-arbitrage\/","title":{"rendered":"Formation fili\u00e8re arbitrage"},"content":{"rendered":"<h3><em><strong><span style=\"color: #0000ff;\">ARCHITECTURE<\/span><\/strong><\/em><\/h3>\n<table>\n<tbody>\n<tr>\n<td><img loading=\"lazy\" decoding=\"async\" class=\"size-full wp-image-3704 vertical-align: middle\" src=\"https:\/\/petanque-crbretagne.com\/wp-content\/uploads\/2025\/07\/Module_Vie_F_C.png\" alt=\"\" width=\"175\" height=\"113\" \/><\/td>\n<td><img loading=\"lazy\" decoding=\"async\" class=\"alignnone size-full wp-image-3720\" src=\"https:\/\/petanque-crbretagne.com\/wp-content\/uploads\/2025\/07\/Fleche-droite-bleue.png\" alt=\"\" width=\"50\" height=\"112\" \/><\/td>\n<td><a href=\"#DEP\"><img loading=\"lazy\" decoding=\"async\" class=\"alignnone size-full wp-image-3777\" src=\"https:\/\/petanque-crbretagne.com\/wp-content\/uploads\/2025\/07\/Arbitre_Dept.jpg\" alt=\"\" width=\"215\" height=\"91\" \/><\/a><\/td>\n<td><img loading=\"lazy\" decoding=\"async\" class=\"wp-image-3701 vertical-align: middle\" src=\"https:\/\/petanque-crbretagne.com\/wp-content\/uploads\/2025\/07\/Fleche-droite-bleue.png\" alt=\"\" width=\"50\" height=\"50\" \/><\/td>\n<td><a href=\"#REG\"><img loading=\"lazy\" decoding=\"async\" class=\"alignnone size-full wp-image-3775\" src=\"https:\/\/petanque-crbretagne.com\/wp-content\/uploads\/2025\/07\/Arbitre_Reg.jpg\" alt=\"\" width=\"192\" height=\"90\" \/><\/a><\/td>\n<td><img loading=\"lazy\" decoding=\"async\" class=\"wp-image-3701 vertical-align: middle\" src=\"https:\/\/petanque-crbretagne.com\/wp-content\/uploads\/2025\/07\/Fleche-droite-bleue.png\" alt=\"\" width=\"50\" height=\"50\" \/><\/td>\n<td><a href=\"#NAT\"><img loading=\"lazy\" decoding=\"async\" class=\"alignnone size-full wp-image-3776\" src=\"https:\/\/petanque-crbretagne.com\/wp-content\/uploads\/2025\/07\/Arbitre_Nat.jpg\" alt=\"\" width=\"199\" height=\"90\" \/><\/a><\/td>\n<\/tr>\n<\/tbody>\n<\/table>\n<p style=\"text-align: center;\"><b><a href=\"https:\/\/www.ffpjp.org\/portail\/images\/arbitrage\/Guide_de_larbitrage\/ANNEXE_FE-form-02_Comment_devenir_arbitre_et_evoluer_dans_larbitrage.pdf\"><button>Comment devenir arbitre et \u00e9voluer dans l&rsquo;arbitrage<\/button><\/a><\/b><\/p>\n<hr style=\"height: 12px; color: #3498db; width: 100%; background-color: #3498db;\" \/>\n<p><a name=\"DEP\"><\/a><\/p>\n<h3><em><strong><span style=\"color: #0000ff;\">ARBITRE D\u00c9PARTEMENTAL<br \/><\/span><\/strong><\/em><\/h3>\n<p><strong>16h de formation<\/strong><\/p>\n<p>Le candidat doit suivre la formation initiale d\u2019arbitre d\u00e9partemental qui est dispens\u00e9e sur chaque territoire par un formateur agr\u00e9\u00e9.<br \/>La formation initiale s\u2019articule sur deux jours de la fa\u00e7on suivante en amont de la date de l\u2019examen:<\/p>\n<ul>\n<li>Une journ\u00e9e p\u00e9tanque d\u2019une dur\u00e9e de 8 heures minimum obligatoire<\/li>\n<li>Une \u00bd journ\u00e9e Jeu Proven\u00e7al et tir de pr\u00e9cision.<\/li>\n<li>Une \u00bd journ\u00e9e sur le terrain venant appuyer la th\u00e9orie.<\/li>\n<\/ul>\n<p>A l\u2019issu d\u2019un r\u00e9sultat favorable \u00e0 l\u2019examen, Le candidat sera suivi par le responsable de la Commission D\u00e9partementale d\u2019Arbitrage (CDA) avec l\u2019aide de l\u2019interlocuteur d\u00e9sign\u00e9 par la Commission Nationale d\u2019Arbitrage (CNA).<br \/>Il devra effectuer quatre journ\u00e9es d\u2019arbitrage avant le mois de septembre de l\u2019ann\u00e9e en cours.<br \/>Ces quatre journ\u00e9es devront \u00eatre valid\u00e9es sur proposition du responsable de la CDA par le Pr\u00e9sident du Comit\u00e9 D\u00e9partemental.<br \/>A partir de l\u00e0, le candidat devient arbitre d\u00e9partemental pouvant officier tout seul.<\/p>\n<p>D\u00e9roulement de l\u2019examen :<\/p>\n<ul>\n<li>Epreuve \u00e9crite th\u00e9orique (dur\u00e9e 2 heures)\n<ul>\n<li>Questions r\u00e9dactionnelles (p\u00e9tanque, jeu proven\u00e7al, tir de pr\u00e9cision, championnat des clubs, administratif)<\/li>\n<\/ul>\n<\/li>\n<li>Epreuve pratique : Le candidat est supervis\u00e9 et certifi\u00e9 par un arbitre confirm\u00e9, d\u00e9sign\u00e9 par le Comit\u00e9 D\u00e9partemental lors des quatre journ\u00e9es d\u2019arbitrage.<\/li>\n<li>A l\u2019issue de toutes ces \u00e9preuves, le candidat est admis, ajourn\u00e9 ou refus\u00e9.<\/li>\n<\/ul>\n<p>Les <strong>\u00e9quipes commissions d\u2019arbitrage d\u00e9partementales<\/strong> mettent en place de nouvelles sessions de <strong>formation d\u2019arbitre d\u00e9partemental<\/strong> pour l\u2019ann\u00e9e 2025. <strong>Ces sessions sont ouvertes aux candidats en formation initiale.<br \/><\/strong>La liste des diff\u00e9rentes sessions de formation :<\/p>\n<ul>\n<li>Saint Julien (22) le 29 et 30\/11\/2025<\/li>\n<li>Plougastel (29) le 13 et 14\/12\/2025<\/li>\n<li>Caudan (56) le 10 et 11\/01\/2026<\/li>\n<li>Rennes (35) le 06 et 07\/12\/2025\n<ul>\n<li style=\"list-style-type: none;\">\n<ul>\n<li>Examen le 18\/01\/2026 \u00e0 09h00<\/li>\n<\/ul>\n<\/li>\n<\/ul>\n<\/li>\n<\/ul>\n<p>Pour s\u2019inscrire :<br \/>Compl\u00e9ter le formulaire d\u2019inscription et le renvoyer avec les pi\u00e8ces justificatives par courrier \u00e0 l\u2019adresse suivante :<br \/><strong><em>GOURLAY Thomas, 1 Lann Vihan Keriot, 29300 GUILLIGOMARC\u2019H<\/em><\/strong><br \/><span style=\"color: #ff0000;\"><strong>Tout dossier incomplet se verra refuser l\u2019entr\u00e9e en formation<\/strong><\/span><br \/><em><strong>Date limite d\u2019inscription 15 jours avant la formation.<\/strong><\/em><\/p>\n<center><b>\u00a0<a href=\"https:\/\/petanque-crbretagne.com\/wp-content\/uploads\/2025\/10\/ANNEXE_FE-exam-02_Formulaire_inscription_Arbitre_Departemental.pdf\" data-wplink-edit=\"true\"><button><b>Formulaire d&rsquo;inscription<\/b><\/button><\/a><\/b><\/center><hr style=\"height: 12px; color: #3498db; width: 100%; background-color: #3498db;\" \/>\n<p><a name=\"REG\"><\/a><\/p>\n<h3><em><strong><span style=\"color: #0000ff;\">ARBITRE R\u00c9GIONAL<br \/><\/span><\/strong><\/em><\/h3>\n<p><strong>14 heures de formation<\/strong><\/p>\n<p>Le candidat doit suivre la formation d\u2019arbitre r\u00e9gional qui est dispens\u00e9e sur chaque territoire par un formateur agr\u00e9e.<br \/>D\u00e9roulement de l\u2019examen :<\/p>\n<ul>\n<li>Epreuve \u00e9crite th\u00e9orique (dur\u00e9e 3 heures)<br \/>Questions r\u00e9dactionnelles (p\u00e9tanque, jeu proven\u00e7al, tir de pr\u00e9cision championnat des clubs, administratif)<\/li>\n<li>Epreuve pratique :<br \/>Le candidat est supervis\u00e9 et certifi\u00e9 par un arbitre confirm\u00e9, d\u00e9sign\u00e9 par le Comit\u00e9 R\u00e9gional. Il officie sur deux comp\u00e9titions ayant au minimum le label r\u00e9gional, tant \u00e0 p\u00e9tanque qu\u2019au jeu proven\u00e7al.<\/li>\n<li>A l\u2019issue de toutes ces \u00e9preuves, le candidat est admis, ou refus\u00e9.<\/li>\n<\/ul>\n<p>L\u2019<strong>\u00e9quipe technique r\u00e9gionale<\/strong> met en place une nouvelle session de formation d\u2019arbitre r\u00e9gional pour l\u2019ann\u00e9e 2025. <br \/><strong>Cette session est ouverte aux candidats en formation initiale uniquement sur proposition du responsable d\u2019arbitre d\u00e9partemental.<\/strong><\/p>\n<p>La liste des diff\u00e9rentes sessions de formation :<\/p>\n<ul>\n<li>Pontivy (56) les 17 et 18\/01\/2026<\/li>\n<\/ul>\n<p>Pour s\u2019inscrire :<br \/><em>Merci de voir au pr\u00e9alable avec <a href=\"mailto:yvon-larreur@orange.fr\">M LARREUR Yvon<\/a> et\/ou <a href=\"mailto:didier.canevet@orange.fr\">M CANEVET Didier<\/a>, puis :<\/em><br \/>Compl\u00e9ter le formulaire d\u2019inscription et le renvoyer avec les pi\u00e8ces justificatives par courrier \u00e0 l\u2019adresse suivante :<br \/><strong><em>GOURLAY Thomas, 1 Lann Vihan Keriot, 29300 GUILLIGOMARC\u2019H<\/em><\/strong><br \/><span style=\"color: #ff0000;\"><strong>Tout dossier incomplet se verra refuser l\u2019entr\u00e9e en formation<\/strong><\/span><br \/><em><strong>Date limite d\u2019inscription 15 jours avant la formation.<\/strong><\/em><\/p>\n<center><b>\u00a0<a href=\"https:\/\/petanque-crbretagne.com\/wp-content\/uploads\/2025\/09\/Formulaire_Inscription_Arbitre_Regional.pdf\"><button><b>Formulaire d&rsquo;inscription<\/b><\/button><\/a><\/b><\/center><hr style=\"height: 12px; color: #3498db; width: 100%; background-color: #3498db;\" \/>\n<p><a name=\"NAT\"><\/a><\/p>\n<h3><em><strong><span style=\"color: #0000ff;\">ARBITRE NATIONAL<br \/><\/span><\/strong><\/em><\/h3>\n<p><strong>21 h de formation \u00e0 distance<\/strong><\/p>\n<p>Cette action de formation est men\u00e9e par la CNA au niveau national.<br \/>Le candidat doit suivre la formation d\u2019arbitre national obligatoire qui est dispens\u00e9e au niveau national par un formateur agr\u00e9\u00e9.<\/p>\n<ul>\n<li>La formation est en amont de l\u2019examen.<\/li>\n<\/ul>\n<p>D\u00e9roulement de l\u2019examen :<br \/>Dimanche matin : \u00e9preuve \u00e9crite (3H)<br \/>L\u2019arbitre ayant r\u00e9ussi son examen \u00e9crit, devra effectuer dans l\u2019ann\u00e9e des arbitrages en ayant la responsabilit\u00e9 de la comp\u00e9tition sous couvert d\u2019un arbitre r\u00e9f\u00e9rent.<\/p>\n<center><b>\u00a0<a><button><b>Formulaire d&rsquo;inscription (\u00e0 venir)<\/b><\/button><\/a><\/b><\/center><hr style=\"height: 12px; color: #3498db; width: 100%; background-color: #3498db;\" \/>\n\n\n<p><\/p>\n","protected":false},"excerpt":{"rendered":"<p>ARCHITECTURE Comment devenir arbitre et \u00e9voluer dans l&rsquo;arbitrage ARBITRE D\u00c9PARTEMENTAL 16h de formation Le candidat doit suivre la formation initiale<\/p>\n","protected":false},"author":2,"featured_media":0,"parent":0,"menu_order":0,"comment_status":"closed","ping_status":"closed","template":"","meta":{"footnotes":""},"class_list":["post-3770","page","type-page","status-publish","hentry"],"_links":{"self":[{"href":"https:\/\/petanque-crbretagne.com\/index.php\/wp-json\/wp\/v2\/pages\/3770","targetHints":{"allow":["GET"]}}],"collection":[{"href":"https:\/\/petanque-crbretagne.com\/index.php\/wp-json\/wp\/v2\/pages"}],"about":[{"href":"https:\/\/petanque-crbretagne.com\/index.php\/wp-json\/wp\/v2\/types\/page"}],"author":[{"embeddable":true,"href":"https:\/\/petanque-crbretagne.com\/index.php\/wp-json\/wp\/v2\/users\/2"}],"replies":[{"embeddable":true,"href":"https:\/\/petanque-crbretagne.com\/index.php\/wp-json\/wp\/v2\/comments?post=3770"}],"version-history":[{"count":26,"href":"https:\/\/petanque-crbretagne.com\/index.php\/wp-json\/wp\/v2\/pages\/3770\/revisions"}],"predecessor-version":[{"id":4498,"href":"https:\/\/petanque-crbretagne.com\/index.php\/wp-json\/wp\/v2\/pages\/3770\/revisions\/4498"}],"wp:attachment":[{"href":"https:\/\/petanque-crbretagne.com\/index.php\/wp-json\/wp\/v2\/media?parent=3770"}],"curies":[{"name":"wp","href":"https:\/\/api.w.org\/{rel}","templated":true}]}}